 the greatest common factor of v and s?
1
Let j(w) = 4*w**3 + 8*w**2 + 7*w + 5. Let d be j(-4). Let t = 191 - d. What is the greatest common factor of t and 38?
38
Suppose -3*l - 62 = -5*o, -16 = -o - 2*l - l. Let q(j) = -8*j + 141. Let n be q(22). Let h be 57 + (-7)/(n/(-25)). What is the highest common factor of h and o?
13
Let d = -4916 + 4940. Calculate the highest common divisor of d and 1884.
12
Suppose 103*x = 657979 + 80531. Calculate the greatest common divisor of 30 and x.
30
Suppose -3*i = o - 4, 2*o = 4*i - 2*i. Suppose 0 = -4*m - v - 31, -5*v - 5 = -10*v. Let c be (-4)/14*(m + i). Calculate the highest common factor of c and 14.
2
Let q be (-1 + (-244)/3 + 3)*6. Let k = -451 - q. Calculate the highest common divisor of 175 and k.
25
Let v be (-1 - -6)/(14/(-238)). Let i = 96 + v. What is the greatest common divisor of i and 99?
11
Let m = 273 - 147. Let w be -10 - ((1025/75)/(-41))/(0 + 5/8655). Calculate the greatest common divisor of m and w.
63
Suppose -2*q = -w + 2*w + 2, 2 = 3*q - w. Let p be (10 - q)*8/16. Calculate the highest common factor of p and 5.
5
Let l be (-13)/(26/(-36)) + 5 + -5. Let m(u) = u**2 + 24*u + 36. Let p be m(-24). What is the greatest common divisor of p and l?
18
Suppose 4*j = 5*i - 137, 0 = 3*i - 5*j - 20 - 70. Suppose 2*b + 61 - i = 2*n, -2*n = b - 51. Calculate the greatest common divisor of 115 and n.
23
Suppose 10*u - 29 = 9*u. Suppose -25*k - 220 = -u*k. What is the highest common factor of 22 and k?
11
Let d be (0 + 1305/20)*(-520)/(-39). Calculate the greatest common divisor of 116 and d.
58
Let k(n) = 45*n + 3. Suppose -432 = -13*l - 380. Let b be k(l). What is the greatest common divisor of b and 3?
3
Let z = 12769 + -9610. Calculate the greatest common factor of 2430 and z.
243
Suppose -5*o = 5*z - 115390, -2*z - 7*o + 46141 = -2*o. What is the greatest common divisor of 41 and z?
41
Let t(a) = 750*a**2 + 201*a - 201. Let l be t(1). Calculate the highest common factor of l and 24.
6
Suppose 28 = 2*v + d, 5*d + 42 = 4*v - 42. Suppose -17 = h - v. Let p be -27*h*1 + (-9)/9. Calculate the highest common factor of p and 78.
26
Let t be (-2 - 4/4) + 26*2. Calculate the highest common divisor of t and 49.
49
Suppose -3*z = 2*n - 7749, 5*z - 7207 = -4*n + 5708. What is the greatest common divisor of z and 63?
63
Let g(m) = m**2 - 863*m + 11940. Let j be g(14). Calculate the greatest common factor of 32454 and j.
54
Let x(m) = -9*m**2 - m - 2. Let f be x(-1). Let p be ((-120)/f)/(4/36). What is the highest common factor of p and 12?
12
Let w be (-2 - (-640)/28) + (-2)/(-14). Let s be (((-450)/w)/5)/(28/(-490)). What is the highest common factor of 135 and s?
15
Suppose -96*i - 150*i + 85860 = 19*i. What is the greatest common divisor of i and 372?
12
Let d = -5 - -17. Let p = 18 - 6. Let o be (9 - (-5 + p))*(-3)/(-2). Calculate the greatest common divisor of d and o.
3
Let a be 4 + -6 + 8 - 11. Let c be (-60)/16*2*4/a. What is the highest common divisor of 1 and c?
1
Suppose -2*t = -3*q + 215, 5*q - 465 + 110 = 4*t. Suppose 0 = -5*g + r + 253, -26 = -g - 4*r + 12. What is the highest common divisor of g and q?
25
Suppose -10*l + 3*l + 84 = 0. Suppose -2*u - 9 = -25. Calculate the greatest common factor of l and u.
4
Let t be (2/10)/(44/990)*46. What is the highest common divisor of t and 529?
23
Let t = 86 + -4. Let w = 122 - t. Let x = 37 - -83. Calculate the greatest common divisor of x and w.
40
Let h(m) = 153*m**3 - m**2 + 5*m - 3. Let x be h(1). What is the highest common divisor of x and 63?
7
Suppose 4*l + 2*s - 336 = 0, -l - s - 2*s + 84 = 0. Let c be (-10)/(-395) + 5510/790. Calculate the highest common factor of c and l.
7
Suppose -3*f + 4*q + 2875 = 0, -f + 6*f = 4*q + 4789. Calculate the highest common factor of 609 and f.
87
Let w(d) = -3*d**3 + 6*d**2 - 5*d. Let b be w(1). Let c be (b/(-12) + 1852/(-24))*-2. Let o = 7 + 15. What is the highest common divisor of o and c?
22
Suppose -5*p = -522 + 447. Let t be (-1 - -2)/((-2)/(-8)). Let k be 290/15 - t/(-6). Calculate the greatest common divisor of p and k.
5
Suppose 62*k = 76*k + 28. Let q be ((-345)/6)/(-5) - k/(-4). Calculate the highest common factor of 187 and q.
11
Suppose -4*f - 1584 = -3*u, 2*f - 6*u + 794 = -5*u. Let t = 435 + f. What is the greatest common divisor of 198 and t?
18
Let m(z) = -2*z**2 + 235*z - 3561. Let r be m(84). What is the highest common divisor of 3 and r?
3
Let k = 132 + -121. Suppose 251 = k*h - 244. Let g be (-3)/(-7) - 102/(-7). What is the highest common divisor of h and g?
15
Let t(v) = 7*v**3 + 3*v**2 + 31*v - 85. Let c be t(3). Calculate the highest common factor of c and 1216.
32
Suppose 5*j = -33 + 953. Let o = -212 - -258. Let s be 6*7/84*(o - 0). Calculate the highest common divisor of j and s.
23
Suppose -30*q = -58*q + 31*q - 12. Suppose 12 = 4*t + 2*o, -o + 15 = 5*t - 6*o. Let l be (50 - t)/(4/q). Calculate the greatest common factor of l and 376.
47
Let z(g) be the second derivative of -g**5/20 + 11*g**4/12 - g**3/2 - 3*g**2/2 - 2*g + 67. Let o be z(9). Calculate the greatest common divisor of 24 and o.
12
Suppose -3*h + 0*h + 105 = 0. Let f(o) = 29*o - 85. Let p be f(3). Suppose -6*d + 44 = p. Calculate the greatest common divisor of h and d.
7
Let s = 177 + -149. Suppose -s*k + 21*k = -3444. Calculate the greatest common divisor of 12 and k.
12
Suppose -5*d - 11 = -56. Let p be 11/(198/4) + (-2)/d. Suppose 2*n = p, -680 = -3*h - h - 2*n. Calculate the greatest common divisor of 10 and h.
10
Let g(p) = 3*p**3 - 15*p**2 - 11*p + 14. Let y be g(6). What is the greatest common factor of 1512 and y?
56
Suppose 19*d + 12015 = 22*d + 3*l, 12 = 4*l. What is the highest common divisor of d and 69?
69
Let k = 183 + -41. Let g = -79 + k. Suppose 15 + g = 2*u. What is the greatest common divisor of 351 and u?
39
Let m(l) = -l + 23. Let j be m(14). Let n be (-30 - 460/(-15))/((-2)/(-621)). Calculate the highest common divisor of n and j.
9
Let i(a) = 4*a**3 - 3*a - 4*a - 19 + 10*a**2 - 2*a**3 - a**3. Let h be i(-8). What is the highest common divisor of h and 55?
55
Suppose 8896 = 4*d + 5*s, -4*d + 20*s - 22*s + 8884 = 0. Let k be (-8)/60 + -3*d/(-315). Calculate the highest common divisor of k and 462.
21
Suppose -324 = 292*r - 301*r. Suppose 7*q - 3*q = -5*s + 794, 340 = 2*s - 4*q. What is the highest common divisor of r and s?
18
Let h(g) = -g**3 + 4*g**2 - 2*g - 1. Let y be h(2). Let l = -216 - -291. Calculate the highest common factor of l and y.
3
Let p(z) = -19*z**2 + 11*z - 49. Let i be p(5). Let j = i + 819. Calculate the greatest common factor of j and 28.
14
Let c be ((-6)/2)/(0 - -2)*-42. Suppose c = a + 2*d, -3*d = 5*a - 2*a - 186. Let r = 67 - a. What is the highest common divisor of r and 15?
3
Let j be (-2 + 1)*(41952/19)/(-12). Calculate the highest common factor of j and 312.
8
Suppose -4*t - 3*y = -5*y - 74, 3*y - 3 = 0. Suppose -t + 51 = 2*x. Calculate the greatest common divisor of 48 and x.
16
Let r = 1433 + -2759. Let x be 48/(-176) + r/(-22). What is the highest common divisor of 168 and x?
12
Let c = 17522 + -11374. Calculate the greatest common factor of c and 116.
116
Suppose 1336 = -x + 1466. Let l be (-11 + 790/50)/(3/x). What is the highest common factor of 260 and l?
52
Let k be (-1 - -7)*(-14)/(-21). Let r be (-25 + k)*(-10)/6. Suppose 0 = h + 3 - r. Calculate the highest common divisor of 8 and h.
8
Suppose 18*u - 14 = 166. What is the greatest common divisor of 6260 and u?
10
Let p = -19760 - -20110. What is the greatest common divisor of p and 525?
175
Let v = 5201 + -1502. Calculate the highest common factor of v and 27.
27
Let h = -37 - -1. Let v be 13/((0 + 3)*(-4)/h). Let n = v - 17. Calculate the highest common divisor of 176 and n.
22
Suppose -2*c + 5*g = -6*c + 679, -3*c + 4*g + 486 = 0. Let m = -151 + c. Calculate the highest common divisor of 15 and m.
15
Let d be (-2)/44 + (-1638877)/(-682). What is the greatest common factor of d and 178?
89
Let s be ((-3)/9 + -2)*(29 + -62). What is the highest common factor of s and 504?
7
Let c(z) = z**3 - 135*z**2 - 132*z - 259. Let l be c(136). Calculate the highest common divisor of l and 375.
15
Let k(w) = -9*w**2 + 101*w - 83. Let r be k(10). What is the highest common factor of r and 2736?
9
Suppose k - 266 = 